6a
What is -2439b (base 13) in base 16?
-103f1
-3993325 (base 12) to base 3
-210102122202002
-10512765 (base 8) to base 11
-1308a38
-67809 (base 12) to base 4
-201213021
Convert -1876c (base 15) to base 7.
-450126
-661534 (base 7) to base 6
-2252221
What is 3035540 (base 6) in base 4?
203123310
What is ded98a (base 15) in base 8?
50423137
Convert -200120011 (base 3) to base 2.
-11010011011011
21314 (base 11) to base 3
1120111211
What is 1109042 (base 11) in base 2?
111011010110000111101
Convert bca745 (base 14) to base 11.
3685962
-2461554 (base 8) to base 9
-1246807
What is -282391 (base 15) in base 16?
-1d782f
Convert 703351 (base 8) to base 10.
231145
1000100010000110011010 (base 2) to base 5
1033034301
Convert 1b33005 (base 12) to base 9.
11805105
What is -a98b4 (base 13) in base 12?
-129716
What is 4d0b1 (base 14) in base 2?
101110010000110011
What is 22101233121 (base 4) in base 13?
73435b
What is -101445233 (base 8) in base 16?
-1064a9b
Convert 23605 (base 15) to base 14.
2d122
Convert -11012221002 (base 3) to base 16.
-1446e
What is -1becc (base 16) in base 5?
-12130010
Convert 10100111111100111011 (base 2) to base 16.
a7f3b
What is 246370 (base 14) in base 4?
10300103332
Convert -21323201021 (base 4) to base 8.
-11734111
What is 953384 (base 11) in base 7?
15660136
Convert 11000111000111110 (base 2) to base 4.
120320332
What is -22132322 (base 4) in base 6?
-530442
Convert db28f (base 16) to base 3.
1200121101101
What is -1431414 (base 5) in base 9?
-45423
-597e (base 16) to base 14
-84c6
Convert -40526a0 (base 11) to base 8.
-33246103
What is 2020011111220 (base 3) in base 14?
22b82b
198aa0 (base 12) to base 16
6e118
What is -2475 (base 16) in base 13?
-432c
-a3a369 (base 11) to base 3
-10010202022111
Convert 20533144 (base 6) to base 12.
2511b4
-30121022222 (base 4) to base 16
-3192aa
What is -14110532 (base 6) in base 15?
-95ec2
What is -20431355 (base 7) in base 6?
-100524235
774951 (base 12) to base 3
10120021210021
What is 1855378 (base 10) in base 3?
10111021002201
What is -206100 (base 9) in base 10?
-122553
352767 (base 9) to base 11
135342
-10101110010000100 (base 2) to base 11
-6103a
122120003310 (base 4) to base 13
15811c8
What is -4a115d (base 15) in base 4?
-31202010232
483972 (base 16) to base 7
55142463
Convert -291a73 (base 13) to base 4.
-3311001200
Convert -2574664 (base 9) to base 7.
-14651353
Convert -12150 (base 7) to base 9.
-4313
Convert 453171 (base 9) to base 8.
1021745
43044024 (base 5) to base 13
c8c41
Convert -c42231 (base 14) to base 2.
-11001001110100111100011
-203015412 (base 6) to base 13
-957b39
37725 (base 14) to base 16
212b5
-212212112121 (base 3) to base 14
-c3342
Convert b553b4 (base 14) to base 8.
27266162
What is -26bf31 (base 16) in base 5?
-1122224223
What is 6133bb (base 16) in base 8?
30231673
-82556 (base 12) to base 7
-1306002
Convert 4652334 (base 9) to base 11.
1468286
1002120000210 (base 3) to base 13
174a50
186382 (base 12) to base 6
13042242
What is 3daed (base 15) in base 5?
22320343
What is 3025413 (base 8) in base 10?
797451
What is 231d4 (base 14) in base 7?
504054
-1831314 (base 9) to base 3
-1221001100111
What is -55542504 (base 7) in base 6?
-250520410
23231220 (base 4) to base 9
72726
What is -17496 (base 10) in base 9?
-26000
Convert -15a0e (base 15) to base 13.
-259a6
What is 72326a2 (base 11) in base 5?
11232123302
What is 101032110 (base 4) in base 16?
11394
100010001100110100110 (base 2) to base 10
1120678
What is 209335 (base 10) in base 7?
1531210
What is 1000010100100010 (base 2) in base 11?
23674
What is bc439 (base 13) in base 6?
11151523
Convert -36791 (base 11) to base 14.
-15396
1134003 (base 7) to base 9
237176
What is -1020211122211 (base 3) in base 6?
-22135334
Convert -65cc8 (base 13) to base 16.
-2d0df
5061308 (base 11) to base 4
202020122121
Convert 1dc2d (base 15) to base 6.
2030111
Convert 3762555 (base 9) to base 4.
13310032301
224456 (base 9) to base 14
3703d
What is -143456 (base 9) in base 6?
-1514423
Convert 1707527 (base 8) to base 3.
221011121220
What is 275dac (base 14) in base 5?
322022410
Convert -51001b (base 14) to base 12.
-ab6549
Convert -415454 (base 7) to base 9.
-118162
-45a14d (base 16) to base 5
-2132011102
Convert -b56293 (base 14) to base 16.
-5d7649
What is -1264477 (base 11) in base 13?
-5b7828
Convert 1004010 (base 5) to base 15.
4ba5
What is 74aa4 (base 11) in base 9?
175631
What is -1b28699 (base 12) in base 14?
-aa62b3
What is -101012111201 (base 3) in base 15?
-3e79a
Convert -12212102222 (base 3) to base 2.
-11100001100110001
Convert -1000010000010010100 (base 2) to base 6.
-5444124
What is -127315 (base 9) in base 8?
-227333
What is 9dac2 (base 16) in base 3?
1012210220111
Convert -111101001101101111 (base 2) to base 10.
-250735
6166673 (base 8) to base 9
3060037
Convert -56619 (base 10) to base 5.
-3302434
111011010100011 (base 2) to base 12
156ab
What is -110110000001101111010100 (base 2) in base 13?
-2c1b61b
-110000100110100110111 (base 2) to base 9
-2886610
What is 70664421 (base 8) in base 13?
311a7a5
What is -100101011001011100 (base 2) in base 8?
-453134
Convert 13368027 (base 10) to base 11.
7600662
What is -477324 (base 16) in base 9?
-8726203
1003002023 (base 4) to base 2
1000011000010001011
Convert e78bc (base 15) to base 16.
b3490
Convert 13538428 (base 9) to base 11.
3865677
e4352 (base 15) to base 16
b083a
Convert -1819307 (base 10) to base 5.
-431204212
Convert -11213 (base 16) to base 13.
-25c22
What is 21047013 (base 8) in base 5?
2121221202
What is -1133534 (base 6) in base 8?
-163442
What is 20012233 (base 4) in base 13?
1215a
Convert 5686d4 (base 15) to base 11.
2370345
331315335 (base 6) to base 13
13049b7
What is -20405565 (base 7) in base 2?
-110100011000001100001
807614 (base 11) to base 3
2102222011100
What is 3819818 (base 11) in base 2?
11001010010110100101010
112201310 (base 4) to base 14
258b2
Convert -1405500 (base 6) to base 9.
-130350
Convert -1032520 (base 7) to base 2.
-11110101101100101
What is -1577304 (base 11) in base 7?
-31566420
Convert 528a62 (base 11) to base 14.
180699
42a4255 (base 11) to base 2
11100110101110010111110
Convert 52003130 (base 7) to base 13.
b95ac9
Convert -21102 (base 11) to base 3.
-1120011101
13121302132 (base 4) to base 5
444100023
What is 1452011 (base 6) in base 2?
10100101011000111
-57d6 (base 14) to base 13
-6c55
Convert b47bd (base 14) to base 9.
732744
What is -304128 (base 11) in base 7?
-4103400
Convert -132300021 (base 6) to base 4.
-22003210231
What is a374e (base 15) in base 16?
7e788
What is 102442023 (base 5) in base 12?
190b82
Convert -10221022102112 (base 3) to base 13.
-5835b9
What is -66aa60 (base 11) in base 13?
-2b55b8
Convert -626656a (base 11) to base 14.
-1678337
Convert -1111011110010010110010 (base 2) to base 13.
-ac0358
Convert 8883447 (base 9) to base 3.
22222210111121
What is -23140404 (base 5) in base 14?
-56182
Convert -2020343013 (base 5) to base 4.
-33202310012
What is 101111011110001010 (base 2) in base 12?
94636
What is 58234 (base 12) in base 16?
1cc48
Convert 15b494 (base 12) to base 8.
1326760
Convert 1110125 (base 9) to base 13.
17ba60
-1463638 (base 12) to base 2
-1111101011110111001100
What is -4fdf8 (base 16) in base 5?
-40432120
What is -8c4ac (base 13) in base 10?
-255670
What is -1210214 (base 5) in base 13?
-a364
234040434 (base 5) to base 4
10013312220
-be9db (base 16) to base 10
-780763
Convert 8453a0 (base 16) to base 14.
121a5a0
12022303 (base 4) to base 9
37584
Convert -470890 (base 11) to base 7.
-6233024
What is -d86b3 (base 16) in base 11?
-556005
Convert 2287321 (base 9) to base 13.
344b4b
Convert 348710 (base 9) to base 5.
23203144
What is 1340300051 (base 6) in base 10?
16259647
Convert -530655 (base 8) to base 9.
-288164
-173700 (base 12) to base 8
-1415460
Convert 1200221122202 (base 3) to base 11.
568578
What is 11000000101110110111 (base 2) in base 15?
108d8b
1021122011012112 (base 3) to base 5
14203003140
Convert -1210102212020 (base 3) to base 12.
-39b906
15377301 (base 8) to base 2
1101011111111011000001
-465762 (base 8) to base 5
-20034311
Convert 53a6a (base 15) to base 2.
1000000110110000000
100220230110 (base 4) to base 16
428b14
Convert -31221202313 (base 4) to base 2.
-1101101001100010110111
-